 base 16, what is -2 + 4a?
48
In base 9, what is 17 + 11?
28
In base 4, what is -32 + -11212?
-11310
In base 5, what is -42 + -1112?
-1204
In base 3, what is 12 - -102120?
102202
In base 14, what is 1 + 0?
1
In base 2, what is -100000111001110 + -10?
-100000111010000
In base 8, what is -2424 - -2?
-2422
In base 5, what is -102341 + -1?
-102342
In base 10, what is -503 + -8?
-511
In base 12, what is 943 + 5?
948
In base 14, what is 900 - 3?
8db
In base 5, what is -2 + 13?
11
In base 7, what is -4 + -1621?
-1625
In base 3, what is 10 + -11220?
-11210
In base 14, what is 13 + -64?
-51
In base 11, what is 13 - 1105?
-10a2
In base 10, what is 1304 + -19?
1285
In base 11, what is 3 - 1?
2
In base 6, what is 5 + -25022?
-25013
In base 14, what is -201 + 2?
-1dd
In base 10, what is 17 + -16?
1
In base 9, what is -266 + -5?
-272
In base 6, what is -4 + -243?
-251
In base 10, what is -5 + 34?
29
In base 10, what is 0 - 64?
-64
In base 6, what is 15055 + -5?
15050
In base 15, what is 4 - b?
-7
In base 5, what is -22212 + 0?
-22212
In base 3, what is -11 - 1112?
-1200
In base 3, what is -102221 - 10?
-110001
In base 16, what is 1d + 1?
1e
In base 3, what is 0 - 1020?
-1020
In base 14, what is 48 + 5?
4d
In base 14, what is -3 + -48?
-4b
In base 11, what is -15 - 0?
-15
In base 13, what is -8 + a3?
98
In base 10, what is 1142 + 24?
1166
In base 14, what is -17 - -3c0?
3a7
In base 12, what is 2 + -2b23?
-2b21
In base 13, what is 7 + 147?
151
In base 16, what is -2 + 2?
0
In base 5, what is -3 + 113?
110
In base 5, what is -13 + 40141?
40123
In base 3, what is -101 - 21?
-122
In base 13, what is -9 - 93?
-9c
In base 12, what is 6260 + 3?
6263
In base 14, what is -10 - -38?
28
In base 3, what is 12 - -212?
1001
In base 8, what is -764 - -1?
-763
In base 13, what is 17b + 1?
17c
In base 11, what is -58 - -6?
-52
In base 5, what is 3 + -2234?
-2231
In base 6, what is -1 - 34211?
-34212
In base 10, what is 5 - -8?
13
In base 13, what is -172 - 4?
-176
In base 2, what is 0 - 111111011101?
-111111011101
In base 5, what is -1 - -220?
214
In base 8, what is -25 - -4?
-21
In base 11, what is 4 + 941?
945
In base 15, what is 5 + -41?
-3b
In base 14, what is 4 - -114?
118
In base 2, what is -10 - -1010?
1000
In base 12, what is -2a + -5?
-33
In base 15, what is 20 + -1b?
4
In base 7, what is -141 - -221?
50
In base 11, what is 4 + 148?
151
In base 9, what is -4 - -4?
0
In base 7, what is 5 + -2364?
-2356
In base 9, what is -60 - 0?
-60
In base 13, what is -1 + 7b5?
7b4
In base 15, what is 3a - 2?
38
In base 2, what is 1100001000 + 10110?
1100011110
In base 11, what is -3 + -1357?
-135a
In base 7, what is 4 + 16426?
16433
In base 12, what is -2 + 894?
892
In base 13, what is -3241 - 5?
-3246
In base 12, what is 1a + -5?
15
In base 16, what is 2b - -76?
a1
In base 2, what is -101001 - 10100?
-111101
In base 3, what is 20012 + -12?
20000
In base 8, what is 0 - -44?
44
In base 14, what is -5 - 37b?
-382
In base 12, what is 1 + 168?
169
In base 13, what is -2 + 7bc?
7ba
In base 16, what is d3e - 5?
d39
In base 6, what is -1310 + 2?
-1304
In base 7, what is -135 - 154?
-322
In base 15, what is 32d - 12?
31b
In base 15, what is -5 + -220?
-225
In base 4, what is -2 - 123?
-131
In base 14, what is -5 + 254?
24d
In base 13, what is 6c7 + 4?
6cb
In base 4, what is 2 + 131?
133
In base 13, what is 9 + -11a?
-111
In base 9, what is 2 - -7?
10
In base 8, what is 0 - 63?
-63
In base 10, what is -66 + -2?
-68
In base 12, what is -2 + 119?
117
In base 3, what is -10 + 12011011?
12011001
In base 14, what is -101 - -5?
-da
In base 14, what is 5 - -408?
40d
In base 5, what is -2 - 1340?
-1342
In base 10, what is -4 + 161?
157
In base 12, what is b25 - 5?
b20
In base 6, what is 2 + -104?
-102
In base 11, what is -a9 + -2?
-100
In base 4, what is -10 + -1131?
-1201
In base 2, what is 10101 + -1101011101?
-1101001000
In base 10, what is 10 + -25?
-15
In base 16, what is 13b - -4?
13f
In base 16, what is 75 - -3?
78
In base 4, what is 0 + -202?
-202
In base 13, what is 2b5 - -5?
2ba
In base 5, what is -2 - 44323?
-44330
In base 4, what is 1011020 + 11?
1011031
In base 14, what is 2 + a5?
a7
In base 2, what is 0 + 10001111?
10001111
In base 14, what is 333 - 3?
330
In base 7, what is 1323 + 4?
1330
In base 3, what is -201 - -2020?
1112
In base 2, what is -10111010 + 101?
-10110101
In base 5, what is -2003 + -430?
-2433
In base 8, what is 343 + -117?
224
In base 10, what is 5 - -37?
42
In base 16, what is ae5 + -4?
ae1
In base 14, what is 1 + a6?
a7
In base 4, what is 111233 + -22?
111211
In base 12, what is 3 + -2?
1
In base 12, what is -5 + 222?
219
In base 13, what is 0 + -bc?
-bc
In base 8, what is 3 + -53?
-50
In base 14, what is -b3 + 5?
-ac
In base 10, what is -112 + 1?
-111
In base 3, what is 10 - -11120212?
11120222
In base 9, what is 23123 - -3?
23126
In base 16, what is -1b0 + -7?
-1b7
In base 11, what is 11 + -a0?
-8a
In base 11, what is -30 + 11?
-1a
In base 5, what is -1 + 131?
130
In base 3, what is 11 + 1000020?
1000101
In base 3, what is -2 - -11121?
11112
In base 7, what is -32 - -21?
-11
In base 11, what is -5 - 11a1?
-11a6
In base 12, what is 264 + 1?
265
In base 6, what is 2233 + -3?
2230
In base 7, what is -5 + 1365?
1360
In base 10, what is 2 - -680?
682
In base 3, what is -112 + -110?
-222
In base 3, what is -1 - 122201?
-122202
In base 6, what is 452 - 25?
423
In base 14, what is -14 - 8?
-1c
In base 3, what is 2 + -202112?
-202110
In base 9, what is -584 - 0?
-584
In base 8, what is -15 - 35?
-52
In base 4, what is 10012 + -10?
10002
In base 5, what is 22 - -3040?
3112
In base 16, what is 5 - 11c?
-117
In base 13, what is -2 + -569?
-56b
In base 8, what is -4514 - -2?
-4512
In base 4, what is 10 - -30132?
30202
In base 3, what is -10000 + 0?
-10000
In base 5, what is -22041 - 0?
-22041
In base 2, what is 1010111 + -10101?
1000010
In base 7, what is 0 + 4313?
4313
In base 10, what is -4 + 2992?
2988
In base 4, what is -1 + -3001?
-3002
In base 7, what is -564 + 4?
-560
In base 10, what is -4 - 852?
-856
In base 5, what is 1 - -1332?
1333
In base 6, what is -2 + 54?
52
In base 7, what is -2 + -360?
-362
In base 11, what is -217 + -2?
-219
In base 16, what is 51 - 0?
51
In base 7, what is -3612 + -4?
-3616
In base 9, what is -3 + -78?
-82
In base 13, what is -409 - 5?
-411
In base 3, what is -12212202 + 2?
-12212200
In base 11, what is 9a - 22?
78
In base 10, what is -268 - -6?
-262
In base 3, what is -1000 + 1122?
122
In base 15, what is 1b + 15a?
176
In base 7, what is -15 + 11?
-4
In base 7, what is -2 + 3163?
3161
In base 10, what is 0 + 34?
34
In base 11, what is -4230 + -2?
-4232
In base 8, what is 2 - 472?
-470
In base 5, what is 2 + -131?
-124
In base 6, what is -12 - 0?
-12
In base 8, what is -3 - 101?
-104
In base 5, what is 114110 - -3?
114113
In base 10, what is -34 - -34?
0
In base 7, what is 3 + -160?
-154
In base 3, what is -200202 - -11?
-200121
In base 5, what is -1021 + 130?
-341
In base 3, what is 2 - 0?
2
In base 8, what is 0 - -1167?
1167
In base 10, what is -85 + 5?
-80
In base 5, what is -10 - -31?
21
In base 5, what is 2 - 24324?
-24322
In base 9, what is -10 - 8?
-18
In base 8, what is 101 + -7?
72
In base 16, what is 20 - -85?
a5
In base 7, what is 2 + 21?
23
In base 2, what is 10111 - 10011?
100
In base 5, what is -140 + 12?
-123
In base 8, what is 36 - 5?
31
In base 3, what is 1021210202 + -11?
1021210121
In base 10, what is 3 - 533?
-530
In base 9, what is 233 - -5?
238
In base 7, what is -1016 + -126?
-1145
In base 3, what is 11100212 - 12?
11100200
In base 6, what is -252 - 3?
-255
In base 11, what is -3 + 18?
15
In base 2, what is -100000 + -1111011?
-10011011
In base 5, what is -10 + -4223?
-4233
In base 12, what is -3 - -a8?
a5
In base 8, what is 3714 + -3?
3711
In base 9, what is 5 - 5571?
-5565
In base 14, what is 0 - 339?
-339
In base 5, what is 100 - -21?
121
In base 13, what is 39 - 4?
35
In base 9, what is 80 + 250?
340
In base 11, what is -4352 + 3?
-434a
In base 4, what is -2 - 133011?
-133013
In base 13, what is -6cc + -4?
-703
In base 4, what is -223320 - -3?
-223311
In base 4, what is 1121 - -3?
1130
In base 13, what is -4 + 18c?
188
In base 15, what is 7e - 6?
78
In base 10, what is -548 - 1?
-549
In base 7, what is 2423